
11
Let u = 19 - 17. Let i(m) = 0 - u + 7 - 2*m. Determine i(7).
-9
Let t(y) be the second derivative of -1/3*y**3 + 0 - 1/4*y**4 + 1/2*y**2 + 9*y + 1/20*y**5. Give t(3).
-5
Let r be 370/95 - 6/(-57). Let a(y) = -y**2 + y + 1. What is a(r)?
-11
Let o(z) = z**3 + 4*z**2 - 6*z - 4. Let b be o(-5). Let w be 3*(b - 2) - -6. Let p(m) = -m**2 - w + 3 + 1 - m. Determine p(2).
-5
Let m(b) = b**3 + 6*b**2 - 7*b + 4. Let f be (-2 - -1 - -2) + 0 + -8. Determine m(f).
4
Let r(p) = 5*p + 1. Let d = -35 - -35. Let s be (d + 4 - 2)/(4/(-6)). Give r(s).
-14
Let p(r) = -r**2 + 9*r - 12. Let y(u) = -6*u**2 + 45*u - 61. Let k(b) = -11*p(b) + 2*y(b). Let j be k(-10). Let m(c) = -c + 11. Calculate m(j).
11
Let t(x) be the second derivative of x**4/12 + 5*x**3/3 - 11*x**2/2 - 14*x + 8. Give t(-9).
-20
Let b(c) = c**3 + 14*c**2 + 7*c - 3. Let p(t) = t**3 + 12*t**2 + 6*t - 3. Let o(d) = -4*b(d) + 5*p(d). Suppose -2*m - 10 = -2. What is o(m)?
-11
Let y(v) = 2*v - 3 - v - 1. Let i = -6045 - -6050. What is y(i)?
1
Let a(p) = -p**3 - 11*p**2 - p - 1. Let m be a(-11). Let g(w) = -w**3 + 10*w**2 + w + 3. Determine g(m).
13
Let t(i) = 2*i**3 + 2*i**2 + 2*i + 3. Suppose 6 = l + z, -l + 8 = z + z. Suppose 0 = l*o + 12 - 4. Determine t(o).
-9
Suppose u + 4*u = 10. Let y(h) = 2 + 0*h + 4*h + h - 8*h + 3*h**u. What is y(2)?
8
Let f = 393 + -375. Let z be (-72)/10*40/(-12). Let u = z - f. Let i(j) = -j**3 + 5*j**2 + 8*j - 6. Determine i(u).
6
Let n(k) = k + 4. Let f(a) = a + 5. Let w(t) = 3*f(t) - 4*n(t). Suppose 0*h + 6 = h. Calculate w(h).
-7
Let o = 1 - -3. Let d(y) be the second derivative of y**3/6 - 3*y**2/2 - 7*y. Let z(r) = r. Let t(w) = d(w) + 3*z(w). Calculate t(o).
13
Suppose 2*x = 3*x - 3. Let m(o) be the third derivative of o**6/120 - o**5/15 + o**4/8 + o**3/6 + 508*o**2 + 2. Calculate m(x).
1
Let v be (-6)/(-8)*-10*(-8)/5. Suppose -7*j + v*j + 30 = 0. Let p(o) = o**3 + 5*o**2 - 6*o - 1. What is p(j)?
-1
Let j(x) be the third derivative of x**5/60 - 5*x**3/6 - 70*x**2. Give j(-4).
11
Let b = -43 + 36. Let p(y) = y**2 + 6*y - 6. Give p(b).
1
Let h(p) = -2*p**2. Let o(b) = -7*b**2 + 10*b + 5. Let s(z) = 3*h(z) - o(z). Determine s(8).
-21
Let v be 4/10 + 24/15. Let r(y) = 10*y + 1. Let t(o) = -o. Let k(b) = -9*b - 28. Let z be k(-3). Let h(l) = z*r(l) - 4*t(l). Determine h(v).
-13
Let n(y) be the second derivative of y**3/6 + 4*y**2 - 11*y - 1. Determine n(-6).
2
Let d be -6 - ((-160)/60)/(6/9). Let c(v) = v + 3. Determine c(d).
1
Let o be 10/4 + 1/2. Let q(h) = -2 + 3*h - 3*h - o*h. Let p be (-5 + 3)/(1 + (-4)/12). Give q(p).
7
Let b = 1398 + -1392. Let z(a) = -a**2 + 6*a + 3. Determine z(b).
3
Let r(c) = c**2 + 14*c - 14. Let z be r(-15). Suppose 4 + 2 = 3*q. Let n(t) = -4*t**2 + 2*t**2 + 3*t**q. Give n(z).
1
Let s(w) = -w - 2. Let o be s(-2). Let p(v) = -5*v + 10 + 21*v**2 - 20*v**2 + 3. Let x(i) = i**2 - 6*i + 12. Let u(c) = -6*p(c) + 5*x(c). Give u(o).
-18
Let z(d) = 2*d**2 + 2*d. Let l be z(-3). Suppose 4*m = -l, -5*m = -4*x - 9 + 24. Let p(f) = -2*f + x*f + 5*f**2 + 6 + 5*f**3 - 4*f**3 - 2*f. Calculate p(-6).
-6
Let a be ((8 + -4)/2)/((-2)/(-5)). Let q(b) = b - 4. Let r(p) = 1. Let x(h) = -q(h) - r(h). Give x(a).
-2
Let i(s) be the third derivative of s**4/12 - 4*s**3/3 - 58*s**2 + s. What is i(4)?
0
Let v(o) = 22*o - 3 - 39*o + 20*o. Let r be v(2). Let x(u) = 3 + 0*u - u**2 + 0*u. What is x(r)?
-6
Let c(m) = -m**2 + 6*m - 4. Let s be c(4). Suppose 2*r - r - 4*i = 22, -3*r - i = -1. Let o(d) = -4*d**r - d - d**3 - 6 + 4*d + 2*d**3. Calculate o(s).
6
Let s(q) = -q**2 - 2*q + 3. Let h be s(-3). Let a(p) = -4*p + 5 + h*p + 2*p. Suppose -5*k = -m - 33, -5*m - 9 - 12 = -k. Give a(k).
-7
Let x be 5 + 96/(-30) - (-12)/10. Let f(h) = -4*h**2 + 5*h - 4. Determine f(x).
-25
Suppose -2*u - 3*c + 3 = 20, 0 = 5*c - 15. Let f(a) = -a**2 - 11*a + 25. Calculate f(u).
-1
Suppose -2*t - t = -15. Let j(f) be the third derivative of 0 + 0*f + 5/6*f**3 - 2*f**2 - 1/24*f**4. What is j(t)?
0
Let r(z) = z - 1. Suppose -j = -3*j + 74. Let y = j + -40. Determine r(y).
-4
Let w(k) be the third derivative of -k**5/60 + k**4/6 - 2*k**3/3 - 20*k**2 - 1. Let q(i) = -i + 6. Let g be q(3). Suppose -3*x + g = -6. Calculate w(x).
-1
Let q(c) = c**3 + 13*c**2 + 16*c + 1. Let r(z) = 34*z + 158. Let f be r(-5). Give q(f).
-47
Let p(w) = w**2 - 3*w - 15. Let k = -468 + 476. Calculate p(k).
25
Let v(n) = -n**2 + 2*n + 4. Let c be 3*(-5)/(-30)*6. Suppose -c*m - 6 = -2*j + 5, -2*j + 13 = -5*m. Determine v(j).
-4
Suppose 5*p + 2*u + 67 = 0, -u - 3 = -2*p - 28. Let r(h) = 4*h**2 + 2*h. Let f(d) = -2*d**2 - d. Let l(c) = p*f(c) - 6*r(c). Determine l(-1).
1
Let o(l) be the third derivative of -l**6/120 + l**5/20 + l**4/6 - l**3/2 + 340*l**2. Let k be (6/5)/((-6)/(-20)). Calculate o(k).
-3
Let l(d) = 13*d - 2. Suppose 2*k + 15*k + 272 = 0. Let u(f) = f**2 + 18*f + 30. Let o be u(k). Give l(o).
-28
Let p = 25 + -36. Let x(r) = r + 2. Determine x(p).
-9
Let r = 379 - 378. Let o(x) be the second derivative of -x**6/240 + x**5/120 + x**4/12 - 2*x. Let u(t) be the third derivative of o(t). Determine u(r).
-2
Let y(c) = -c**3 - 9*c**2 - 8*c - 1. Let s(j) = -j + 4. Let i be s(-6). Let m be (i + -30)/(-1*2). Suppose -42 = 4*q - m. What is y(q)?
-1
Let n be 50/(-70) - (-2)/(-7). Let c(s) = 3*s**3 + 2*s + 2. What is c(n)?
-3
Let i be (1 - 9/5)/((-25)/125). Suppose -2*d = -10, -5 = 6*w - w - i*d. Let h(j) = 2*j**3 - 4*j**2 + j - 4. Calculate h(w).
17
Let z(s) = -s**2 - 11*s - 8. Let u(q) = -q - 1. Let m(c) = 3*u(c) - z(c). Let a(h) = h**3 - 4*h**2 + 3. Let f be a(3). What is m(f)?
-7
Suppose -6*i - 46 = -2*a - 2*i, 2*i - 11 = -a. Let s = -13 + a. Let o(h) be the first derivative of -h**2 + 4*h + 3. Determine o(s).
-4
Let b(y) = 5*y + 1. Suppose 0 = -2*q - 3*q - 190. Let x = q + 36. Determine b(x).
-9
Let f(q) = -5 + q**2 + 22*q - 15*q + 1. Determine f(-7).
-4
Let l(k) = -k**2 - 11*k - 10. Suppose w = -3*w - 36. Let p be l(w). Let o(n) = 8*n - 9*n**2 + 7 + 15*n**3 + 12*n**3 - 26*n**3 + 0*n**2. Give o(p).
7
Let i(g) = 5*g**3 + 4*g**2 + 12*g - 18. Let d(t) = -9*t**3 - 8*t**2 - 23*t + 34. Let x(s) = 6*d(s) + 11*i(s). Determine x(5).
1
Let l(o) = o**3 - 5*o**2 - 3. Suppose -j - 16 = 5*f, -7*j + 4*j = 5*f + 8. Let x(t) = t**3 - 3*t**2 - 5*t + 9. Let w be x(j). Give l(w).
-3
Let g = 610 + -613. Let t(v) = -2 - 1 - 5*v + 6*v. Give t(g).
-6
Suppose -2*s - 10 = -3*s + v, s - 10 = -2*v. Suppose 4*w - z - s = 0, w - 6*w = 3*z - 4. Let u = w + -7. Let t(n) = n - 2. Give t(u).
-7
Suppose -2*h + 7*h + 31 = -2*f, -h - 11 = 2*f. Let m(l) be the first derivative of -l**4/4 - 4*l**3/3 + l**2/2 - 3*l + 3. Calculate m(h).
17
Let w(y) = y**2 - 6*y + 12. Let m = 163 + -155. Determine w(m).
28
Let c = 15 + -11. Suppose -c*p = -3*i - 20, -3*i - 22 = -0*p - 5*p. Let k(v) = 6 - 2 - 3 - 3 - p*v. What is k(2)?
-6
Let u(k) = k**2 + 2*k + 2. Let r = 14 - 18. Let h be 6 + r - -2 - 6. What is u(h)?
2
Let v(b) = -b**3 + 6*b**2 - 2*b - 9. Let x(q) = 10*q - 25. Let g be x(3). Determine v(g).
6
Let c(g) be the second derivative of -1/12*g**4 - 1/3*g**3 + 2*g**2 + 21*g + 0. Calculate c(-3).
1
Let n(t) = -19 + 15*t + t + 16. What is n(2)?
29
Suppose 0 = 2*y - 15 - 33. Suppose y = 3*r + 18. Suppose -3*i = 3*x + 3 + 9, 9 = -3*i - r*x. Let l(b) = b**3 + 2*b + 1. Give l(i).
-2
Let k = -59 + 58. Let d(o) be the third derivative of 7*o**4/24 + o**3/6 - 4*o**2. Determine d(k).
-6
Let r = -6 - -4. Suppose i + u = 7, -5*u - 10 = i - 5*i. Let f(q) = -q + 15. Let c(w) = 7. Let t(m) = i*c(m) + r*f(m). Determine t(-5).
-5
Let c be 1 + (0 - 4/(-2)). Suppose -4*z + j = -22, c*z = -0*j + 5*j + 25. Let k(l) = 4 + 273*l**2 - 5*l - 267*l**2 - 27*l**3 + 26*l**3. Calculate k(z).
4
Let g = 722 - 715. Let z(h) = h**2 - 8*h + 12. Determine z(g).
5
Let q(x) = -x**2 + 6*x + 7. Let c be q(7). Suppose c = -6*m + 3*m + 18. Suppose -z + 18 = 3*y + 3*z, y = 3*z + m. Let t(p) = p**2 - 6*p - 1. What is t(y)?
-1
Let r(w) = w**3 + 5*w**2 + w + 4. Suppose 14 = 5*b + 5*z + 4, -2*b - z - 1 = 0. Give r(b).
19
Suppose 0 = 25*q - 26*q + 9. Suppose -2*m + x = 2 + q, -5*x - 8 = -m. Let l(s) = -s**3 - 7*s**2 - s - 7. Determine l(m).
0
Suppose 4*z = m + 2, -m - z + 3 = -0*m. Let q(r) = -4*r + m*r**2 + 7*r - 2*r. Give q(1).
3
Let o(t) = 3*t - 10. Let x be o(5). Let k be -1 + -6 + (x - 4). Let b(j) 